 m**5/3 + 11*m**4/12 + 19*m**3/6 + 16*m**2. Let o be l(19). What is the highest common divisor of 8 and o?
4
Suppose -39 = 301*o - 3651. Calculate the greatest common divisor of o and 152.
4
Let m(z) = z**3 + 5*z**2 - 8*z - 8. Let y be m(-5). Let d = -8 + y. What is the highest common divisor of d and 192?
24
Suppose -25 = -5*i, -2*i + 4*i = -5*x + 350. Let c be (4 - x)/(-1) + 3. Let z = 88 - c. Calculate the greatest common factor of z and 3.
3
Let d(v) = -12*v**3 + 15*v**2 + 37*v + 33. Let o be d(-7). What is the highest common factor of 250 and o?
125
Let o = 24 - -75. Let f = o + -3. Calculate the highest common factor of 8 and f.
8
Let z = -44713 + 44775. Suppose -p - 1184 = -i + p, i + 5*p - 1163 = 0. Calculate the greatest common divisor of z and i.
62
Suppose -65 = -5*g + 10. Let j = 90 + -85. Let o be 4/j - (-483)/g. What is the highest common factor of 11 and o?
11
Let w = 1526 - 1456. Suppose -25 = -4*j - 4*f + 51, -5*j = 3*f - 99. Calculate the highest common factor of j and w.
7
Let q be ((-6156)/(-270))/(-1 - 83/(-80)). Let h = -584 + q. Calculate the highest common factor of 30 and h.
6
Suppose 27 = -4*n + 139. Suppose 0 = -5*j + m + 132 + n, 3*j + 2*m = 96. What is the greatest common factor of j and 8?
8
Let o(a) = 8*a + 456. Let b be o(0). Let m = 293 + -285. What is the highest common factor of b and m?
8
Let c be ((-30)/(-7))/(90/4830). What is the greatest common factor of c and 138?
46
Let i be 451*(-3 + 1064/209). Let x(v) = -v**3 + 8*v**2 + 12*v - 4. Let d be x(9). What is the highest common divisor of d and i?
23
Suppose 50*n - 55*n + 665 = 0. Let l = n - 124. What is the greatest common factor of 477 and l?
9
Suppose 12*y - 1268 + 605 - 3009 = 0. What is the greatest common factor of 378 and y?
18
Let k(b) = -6*b**2 + 2*b**2 - 6 - b**3 + 3*b**2 - 6*b - 3*b**2. Let j be k(-3). Suppose -j*r = -11*r + 16. Calculate the highest common factor of r and 22.
2
Let v = 15 - 6. Let g(d) = 14*d**2 + 5*d - 22. Let i be g(3). Let s = i - 11. Calculate the greatest common divisor of s and v.
9
Let x be 211/3 + (-15 - 943/(-69)). Calculate the highest common factor of 276 and x.
69
Suppose 15*y + 113*y - 292685 + 66509 = 0. What is the greatest common factor of 93 and y?
93
Let o be 1 + (-6)/(-4)*6. Let u(d) = d**3 - 10*d**2 - 87*d + 290. Let x be u(15). Calculate the greatest common factor of o and x.
10
Suppose -89*o + 13059 - 2227 + 1984 = 0. Calculate the greatest common divisor of o and 336.
48
Let c be 4 - ((-2 - -3) + -1). Suppose -c*v - 81 = -5*l + 79, 4*l - 128 = v. What is the greatest common divisor of l and 160?
32
Let g = -231 + 319. Let m = g - 57. Calculate the highest common factor of 992 and m.
31
Suppose x - 364 = -a, 64*a - 704 = -2*x + 68*a. Calculate the highest common factor of 1224 and x.
72
Suppose -25*v - 112 = -3*y - 23*v, y - 70 = -4*v. Calculate the greatest common factor of 57 and y.
3
Let b be (-2)/7 - (-264)/42. Let v(u) = 51*u - 54*u + 13 + 8 - 3. Let f be v(4). Calculate the highest common divisor of f and b.
6
Suppose 0 = -5*q - 4*v + 262, 2*q - 3*v - 132 - 5 = 0. Let p(b) = -b**3 + 10*b**2 - 2. Let i be p(7). What is the greatest common factor of i and q?
29
Suppose 6702 = 9*t + 1842. Let j = 242 + -227. What is the highest common divisor of t and j?
15
Suppose -2*h - 49*m + 53*m = -8014, 3*h - 12005 = 2*m. Suppose 21*s - 1167 = h. Calculate the highest common divisor of 18 and s.
6
Let o(m) = 95*m**2 + 246*m - 2979. Let a be o(11). Calculate the highest common factor of 248 and a.
62
Let n = -146 - -146. Suppose n = 6*v - v - 3760. Calculate the highest common factor of v and 47.
47
Let o be (3168/(-2112))/((-3)/410). Let x be 9/(45/(-46) + 1). Suppose -4 = 5*l - x. What is the greatest common factor of l and o?
41
Suppose -63 = a - 222. Let r = a - 68. Let o be (-2)/(-3) - r/(-3). Calculate the highest common factor of o and 31.
31
Suppose 8*s - 113 = 7*s + 3*i, -5*s - 2*i + 599 = 0. Let o be 71/2*2*1. Suppose -4*x - o = -s. Calculate the highest common factor of 24 and x.
12
Let o(j) = 5*j**3 - 33*j + 9*j - 4*j**3 + 28*j**2 - 14*j + 25. Let k be o(-29). Calculate the highest common factor of k and 44.
22
Suppose -j + 4*s = -1032, 5*s + 5170 = 5*j - 5*s. Calculate the highest common divisor of 224 and j.
28
Let x(o) = o**3 - 12*o**2 + 44*o + 15. Let h be x(7). Suppose 4*a - h = -62. What is the greatest common factor of a and 14?
2
Let v(o) = -127*o**3 + 3811*o**2 - 28*o - 34. Let y be v(30). What is the highest common factor of 14027 and y?
13
Let f be 98 + 4/6*(-9 - (-546)/28). Suppose -60 = -4*l + 3*l. What is the highest common divisor of f and l?
15
Let v be ((-19)/3)/((-4)/12). Suppose -249 = -v*h + 17. Let w be (-544)/(-3) + 2/3. What is the greatest common factor of w and h?
14
Let o = -601 - -721. Suppose 4*g - 24 - 72 = 5*d, 0 = 5*g - 5*d - o. Calculate the highest common factor of 184 and g.
8
Suppose -39*y = -54*y + 255. Suppose -370 = -y*u - 20*u. What is the greatest common factor of 10 and u?
10
Suppose -3*g = 0, -4*g + 180 = 4*s - 0*g. Let k(y) = -y**3 + 23*y**2 + 53*y - 45. Let n be k(25). What is the greatest common divisor of n and s?
15
Suppose 11*s - 8*s - 9996 = -3*y, -4*s + 2*y = -13358. What is the highest common divisor of s and 47?
47
Let x(n) = 55*n - 65. Let l be x(2). Suppose 5*v = 9 - 34, 0 = -5*o + 5*v + l. Let q be (-2)/(-6) - (-59)/3. Calculate the greatest common factor of o and q.
4
Let q = -52 - -75. Let m = 22 - 374. Let x = m + 513. Calculate the highest common divisor of q and x.
23
Suppose -3*j - 240 = -4*m, 3*m - 18 = 4*j + 162. Suppose 59 - 89 = -2*y. Let g be 2*(-1)/10 + 2253/y. Calculate the highest common factor of g and m.
30
Suppose 4*p + 27 = 5*p. Suppose 5*s - 222 = -j, -3*s - 2*j + 39 = -2*s. Let l = s - p. Calculate the highest common divisor of l and 6.
6
Let f(s) = -s**3 - 13*s**2 - 13*s + 23. Let d = 20 - 32. Let z be f(d). Suppose 29*c + 126 = z*c. What is the highest common factor of c and 21?
21
Let m = -20 - -20. Suppose m = -23*d + 20*d + 156. Let v be (-13)/d + 482/8. What is the greatest common factor of 15 and v?
15
Let c = 103 - 25. Let j = 78 - c. Suppose h + j*b = -2*b + 122, 0 = -3*h + 3*b + 411. What is the greatest common factor of 22 and h?
22
Suppose -5*l + 55475 = 5*r, 190*r - 195*r + 44375 = 4*l. What is the greatest common divisor of l and 60?
60
Let j(a) be the second derivative of 7*a**3/3 - 113*a**2 + 74*a + 1. Let w be j(27). Calculate the highest common divisor of 8 and w.
8
Suppose -3*u + 4*c = -182, -3*c = 2*u - 3*u + 69. Let g be 251 + (-6)/10 + (-3)/(-5). Let q be g/9 - (-6)/u. What is the greatest common factor of 7 and q?
7
Let q be (95 + 7 + 9)/(6/76). Suppose q + 652 = 21*b. Calculate the highest common factor of 882 and b.
98
Suppose 2*p - 5*x - 434 + 157 = 0, -5*x + 207 = 2*p. Suppose 56 = 2*r + 12. Calculate the highest common factor of r and p.
11
Let c(g) = -2*g**3 + 12*g**2 + 4*g + 5. Let j be c(6). What is the greatest common divisor of 3625 and j?
29
Let k be (5 + 204/(-36))*-495. Calculate the greatest common factor of 180 and k.
30
Suppose 33*a - 29*a = 20. Suppose 2*r - 2*y + 3 = 71, -2*y = -a*r + 167. What is the greatest common factor of 77 and r?
11
Let q = -82 + 84. Let t be (-108)/(-27) + (35 - q). Calculate the greatest common divisor of t and 259.
37
Let o be 22/(7378/(-672) + 11). What is the highest common factor of 99 and o?
33
Let k = 34 - 33. Let q be 92 + k/((-3)/12). Let h = 81 + -73. What is the highest common factor of q and h?
8
Suppose 9*v - 28 = 16*v. Let w be 2*-9*(-3)/9. Let h be v/w*(12 + -18). Calculate the greatest common factor of 4 and h.
4
Let r be (-1)/(-2) + ((-25)/10)/1. Let x be (1 - 2)/(r - 10/(-4)). Let b be (5/(10/(-2)))/(x/2). What is the highest common divisor of 1 and b?
1
Let n = 492 + 372. Let f(s) = -s**3 - 7*s**2 - 3*s + 8. Let q be f(-8). What is the highest common factor of q and n?
96
Suppose 8*u - 620 + 46 - 290 = 0. Calculate the greatest common divisor of u and 76.
4
Let c(r) = 2. Let o be 2/4*0 + (-5)/1. Let k(a) = a - 3. Let q(u) = o*k(u) - 6*c(u). Let m be q(-13). What is the highest common factor of m and 170?
34
Let d(i) = i**3 + 7*i**2 - 8*i. Let b(c) = 3*c + 23. Let m be b(-10). Let o be d(m). Let s = -63 + 70. What is the greatest common divi